he greatest common factor of 832 and 640.
64
Calculate the greatest common divisor of 950 and 305950.
50
Calculate the highest common factor of 127018 and 41.
41
Calculate the greatest common factor of 448360 and 18920.
440
What is the highest common factor of 7068 and 201252?
372
Calculate the greatest common factor of 92840 and 71940.
220
What is the greatest common factor of 3152 and 129823?
197
What is the greatest common factor of 44 and 6391?
11
Calculate the greatest common factor of 284 and 28258.
142
Calculate the greatest common factor of 880 and 17620.
20
What is the highest common divisor of 18 and 460422?
18
Calculate the greatest common divisor of 69970 and 10.
10
What is the greatest common factor of 9 and 2589?
3
What is the highest common factor of 1160 and 19865?
145
Calculate the greatest common factor of 16474838 and 106.
106
Calculate the highest common factor of 640 and 241520.
80
What is the highest common divisor of 3743 and 30172?
19
Calculate the greatest common factor of 113764 and 3808.
476
What is the greatest common factor of 26988 and 1404?
156
Calculate the greatest common divisor of 7842970 and 131.
131
Calculate the greatest common factor of 138 and 130341.
69
Calculate the highest common divisor of 207233 and 1482.
247
What is the highest common factor of 6387 and 15?
3
What is the highest common divisor of 293525 and 15?
5
Calculate the greatest common factor of 36 and 95292.
36
What is the highest common factor of 239 and 8843?
239
Calculate the greatest common factor of 171 and 315210.
57
What is the greatest common divisor of 4692 and 1746597?
1173
Calculate the highest common factor of 36660 and 68620.
940
Calculate the greatest common divisor of 107745 and 660.
165
What is the greatest common divisor of 616 and 12796?
28
Calculate the greatest common factor of 57162 and 12.
6
What is the greatest common factor of 4515 and 3885?
105
What is the greatest common divisor of 1 and 4657?
1
What is the highest common factor of 196348 and 1028?
1028
Calculate the greatest common divisor of 1980 and 5220.
180
Calculate the greatest common factor of 317 and 1380218.
317
Calculate the highest common factor of 20234 and 3322.
302
What is the greatest common factor of 19 and 151867?
19
Calculate the greatest common divisor of 19 and 351367.
19
Calculate the highest common factor of 559785 and 335.
335
Calculate the highest common divisor of 138957 and 2036.
509
Calculate the highest common factor of 96692 and 644.
92
What is the highest common divisor of 393 and 770542?
131
What is the greatest common divisor of 2856 and 7666932?
1428
What is the greatest common divisor of 191522 and 85?
17
Calculate the highest common factor of 4486512 and 16.
16
Calculate the highest common divisor of 2973420 and 270.
90
Calculate the greatest common divisor of 36274 and 14.
14
What is the highest common factor of 1136 and 15872?
16
What is the greatest common divisor of 75202 and 114?
38
Calculate the greatest common divisor of 2624 and 8938.
82
What is the greatest common factor of 30272528 and 2222?
2222
Calculate the greatest common divisor of 201637 and 8381.
493
Calculate the greatest common factor of 153881 and 637.
91
What is the greatest common factor of 14 and 35366?
2
What is the greatest common divisor of 7791 and 3570?
21
Calculate the highest common factor of 1236 and 106605.
309
What is the highest common divisor of 35139 and 212?
53
What is the highest common factor of 11536 and 80?
16
What is the greatest common divisor of 9962 and 527?
17
What is the greatest common divisor of 45 and 227061?
9
What is the greatest common factor of 10 and 2366?
2
What is the highest common factor of 6753 and 12?
3
What is the highest common factor of 51027 and 3066?
219
What is the highest common divisor of 292 and 342808?
292
Calculate the highest common factor of 1188 and 6831.
297
What is the greatest common factor of 89254 and 165?
11
What is the greatest common factor of 156 and 298467?
39
What is the highest common factor of 1362 and 518014?
454
What is the greatest common divisor of 129 and 41323?
43
Calculate the greatest common divisor of 90 and 241280.
10
Calculate the highest common divisor of 1648 and 49234.
206
Calculate the highest common divisor of 2226 and 25977.
21
What is the highest common divisor of 154 and 2702?
14
What is the highest common factor of 25548 and 48?
12
What is the highest common factor of 56097 and 25203?
813
Calculate the highest common divisor of 80 and 127720.
40
What is the highest common divisor of 26 and 4636619?
13
Calculate the highest common divisor of 202689 and 27.
27
What is the highest common divisor of 588 and 520968?
588
What is the greatest common divisor of 38391 and 11651?
191
What is the highest common divisor of 122496 and 768?
384
Calculate the highest common divisor of 145 and 205.
5
What is the greatest common divisor of 516 and 144093?
129
What is the highest common divisor of 13927 and 152?
19
What is the greatest common factor of 13945 and 15?
5
Calculate the highest common factor of 18 and 88390.
2
Calculate the highest common divisor of 641050 and 50.
50
Calculate the greatest common divisor of 352 and 36.
4
What is the greatest common factor of 1976177 and 14?
7
What is the greatest common factor of 23147 and 89951?
293
What is the greatest common factor of 1062 and 56522?
118
What is the greatest common factor of 1156 and 523?
1
Calculate the greatest common divisor of 1859 and 1529.
11
What is the greatest common divisor of 28834 and 23192?
26
What is the greatest common divisor of 39254 and 152?
38
Calculate the highest common divisor of 145 and 251227.
29
Calculate the greatest common divisor of 103666 and 238.
34
What is the greatest common factor of 99188 and 8768?
548
Calculate the greatest common divisor of 155115 and 243.
81
Calculate the greatest common divisor of 575 and 38824.
23
Calculate the greatest common divisor of 735 and 622300.
245
Calculate the highest common divisor of 771120 and 210.
210
What is the greatest common factor of 330 and 10846?
22
What is the greatest common divisor of 96080 and 240?
80
Calculate the highest common factor of 11344 and 976.
16
Calculate the highest common factor of 14 and 15514058.
14
What is the greatest common factor of 48384 and 2784?
96
What is the greatest common divisor of 71 and 41109?
71
Calculate the highest common factor of 176 and 22256.
16
Calculate the highest common factor of 945 and 795.
15
Calculate the highest common factor of 3320 and 80.
40
Calculate the highest common divisor of 149208 and 9.
3
Calculate the greatest common divisor of 676498 and 7486.
394
What is the highest common divisor of 313094 and 1332?
74
Calculate the greatest common factor of 619 and 20.
1
Calculate the greatest common divisor of 1767 and 664485.
93
What is the greatest common divisor of 1973916 and 432?
108
What is the highest common factor of 39 and 189579?
39
Calculate the highest common divisor of 103236 and 336.
84
What is the greatest common factor of 1198 and 36?
2
What is the highest common divisor of 9061 and 68?
17
What is the highest common divisor of 3185 and 6929?
13
What is the highest common factor of 207 and 2760?
69
Calculate the greatest common factor of 12701 and 491431.
977
What is the greatest common divisor of 154 and 110?
22
What is the greatest common factor of 55 and 1466531?
11
What is the highest common divisor of 377 and 3029?
13
What is the greatest common divisor of 69 and 560671?
23
What is the greatest common divisor of 6161 and 3535?
101
What is the highest common factor of 282 and 852063?
141
What is the highest common factor of 3550 and 53450?
50
What is the highest common factor of 20 and 10796?
4
Calculate the highest common factor of 4431 and 315.
21
What is the greatest common factor of 22 and 685333?
11
Calculate the highest common divisor of 27175 and 1400.
25
Calculate the greatest common divisor of 141512 and 304.
152
Calculate the highest common divisor of 8194279 and 37.
37
Calculate the greatest common factor of 400 and 1935400.
200
Calculate the highest common factor of 5 and 14103640.
5
Calculate the highest common factor of 30586 and 2870.
82
Calculate the greatest co